he highest common divisor of 34 and r.
2
Let x be (-132)/10*100/(-3). Suppose -3*q - x = -8*q. Let y(i) = -i**3 + 5*i**2 + i + 6. Let w be y(5). What is the highest common factor of w and q?
11
Let l be 1/((-4)/(-168)*3). Calculate the greatest common factor of 42 and l.
14
Let n(i) = -i**3 - 18*i**2 + i + 34. Let t be n(-18). Let l(u) = 9*u**2 + 4*u. Let y be l(-4). What is the highest common factor of t and y?
16
Suppose 7*v - 5*p = 2*v + 25, 5*p = -3*v + 47. Calculate the highest common factor of 12 and v.
3
Let q(a) = 18*a**2 - 1. Let x be q(1). Calculate the highest common divisor of 34 and x.
17
Let c be (0 + -1 + -3)*-1. Let p be (8/(-6))/((-4)/(-36)*-3). What is the highest common factor of c and p?
4
Suppose -5*j = k - 216 - 149, 15 = 3*k. Calculate the greatest common factor of 18 and j.
18
Let g be 0*2/4 - 93. Let x = g - -170. Calculate the highest common divisor of 11 and x.
11
Let z = 8 + -5. Suppose -z*h + 8 = -h. Let q be (-18)/9 + 9/3. Calculate the highest common divisor of h and q.
1
Suppose w - 2*z - 30 = 0, -2*w - 3*z + 35 + 4 = 0. Let u(m) = -2*m - 6. Let a be u(-6). Calculate the highest common factor of w and a.
6
Let i = 130 + -120. Calculate the highest common factor of i and 250.
10
Suppose -5*t + 206 = -5*f + 2*f, -4*t + 154 = 3*f. Calculate the greatest common divisor of 10 and t.
10
Suppose -4*p - v = -1, 5*p - 2*p + 6 = -3*v. Suppose -p - 5 = -3*o. Calculate the highest common divisor of o and 1.
1
Let n be (60 + -20)*(-14)/(-5). What is the greatest common factor of 16 and n?
16
Let r = -3 - -2. Let b be (r/2)/((-2)/12). Suppose -b*l = -4*l + 13. What is the greatest common divisor of 39 and l?
13
Let p = 46 + 136. Calculate the greatest common divisor of p and 14.
14
Suppose -4*d + 1061 = 121. What is the greatest common divisor of 47 and d?
47
Let w be 4/10 + (-98)/(-5). Suppose -2*h + 2*u + 54 = -w, -3*u + 169 = 4*h. Suppose 2*o - 30 = h. What is the highest common factor of o and 14?
7
Let y(i) = -i**3 + 6*i**2 - 5*i + 6. Let n be y(5). Let d = n + 2. Calculate the greatest common divisor of 8 and d.
8
Let h be (-2)/(-6) + 38/3. Suppose 0 = 5*p + p - 624. What is the greatest common divisor of p and h?
13
Let h = 4 + 7. Let t(j) = -j**3 + j**2. Let d be t(3). Let b be 4/d + (-55)/(-45). What is the greatest common divisor of h and b?
1
Let y be -2 + 2 - 0 - 0. Suppose 0 = u + 1, 4*u = 2*g - y*u - 56. Calculate the greatest common factor of 65 and g.
13
Let s be 1 - (-17 - (-3 - -4)). What is the highest common factor of s and 171?
19
Let l = 54 + -15. Calculate the greatest common factor of 26 and l.
13
Suppose 0 = 4*k - 8, -3*i - 2*i - 3*k = -36. What is the highest common factor of i and 6?
6
Let n = 8 + 4. Suppose 5*g + 0*g = -3*k + 243, 3*k = -n. Calculate the greatest common divisor of g and 17.
17
Let i = 74 - 58. Suppose d + 2*d = 336. Calculate the greatest common divisor of i and d.
16
Let x(y) = y + 3. Let a be x(8). What is the greatest common factor of 44 and a?
11
Let x = 120 + -65. Calculate the highest common divisor of 22 and x.
11
Let r be 3/(-12) + (-73)/(-4). What is the greatest common factor of r and 198?
18
Let o = 42 + -22. What is the greatest common divisor of 50 and o?
10
Let d = 6 + -3. Suppose -d*o + o = -88. Calculate the highest common factor of o and 4.
4
Let b(g) = g**2 + 8. Let l be b(0). Suppose -51 = -3*c - 3. What is the greatest common divisor of l and c?
8
Let p be ((-12)/(-10))/(1 - 414/420). What is the highest common divisor of 126 and p?
42
Suppose 10 = 4*o - 6. Let c be (76/(-20))/(2/(-10)). Let x be c/4 + 6/(-8). Calculate the greatest common divisor of x and o.
4
Let y be ((-9)/(-2))/((-2)/((-4)/1)). What is the greatest common divisor of y and 63?
9
Suppose 0 = -5*c - 8 + 43. Let u(o) = o**3 - 4*o**2 + 5*o - 3. Let g be u(3). Suppose -7 = -g*a - 4. What is the greatest common divisor of a and c?
1
Suppose -3*u - 4*j + 79 + 1 = 0, 3*u - 89 = 5*j. Suppose a - 2*h - 70 = -0*h, a - 3*h = 70. What is the highest common factor of u and a?
14
Suppose -j + 195 = 2*j. Let b be ((-39)/(-4))/(2/8). Suppose 0 = -2*h - h + b. Calculate the greatest common divisor of j and h.
13
Let y be 122/14 + 1/21*6. What is the greatest common factor of y and 6?
3
Suppose -37 = -4*i - 3*p, p + 5 = -2*i + 26. Let d = -24 + 37. What is the greatest common factor of i and d?
13
Suppose 5*i - 2*t - 401 = 113, 193 = 2*i - 5*t. Calculate the highest common factor of 13 and i.
13
Let d(z) = -4*z - 1. Let j be d(-4). Let c(w) = 4*w - 3. Let f be c(-5). Let a = f - -38. What is the highest common divisor of j and a?
15
Suppose n + n - p = 0, 0 = p - 2. Suppose 3*a - 41 = -4*w, 4*w = -a + 24 - 5. Calculate the greatest common divisor of n and a.
1
Let o be 1*(-2 + 0 - 0). Let n be o/(-10) + 138/10. What is the greatest common factor of n and 21?
7
Let z = -30 + 73. Suppose -4*x = 4*n + 76, 3*x + 12 + z = -4*n. Let f = x - -33. What is the highest common divisor of 4 and f?
4
Let d = -14 + 28. Calculate the greatest common divisor of 7 and d.
7
Let d = 3 + 0. Let j be (1 - 1)/(-2*1). Suppose -4*n + 17 = -v - d, j = -2*n - 3*v - 4. What is the greatest common factor of n and 2?
2
Suppose 2*f - 2 = f. Suppose -7*i = -f*i - 150. Calculate the highest common factor of i and 10.
10
Suppose 3*q = -3 + 18. Suppose -q*p = -4*p - 12. Calculate the greatest common factor of p and 6.
6
Let z = 9 + -5. Suppose -z*q = -9*q + 110. Calculate the greatest common divisor of 11 and q.
11
Suppose -3 = 4*h - 11. Suppose 4 = h*f + 2*f. Calculate the highest common factor of 1 and f.
1
Let p be (-16)/(-2)*(-2)/(-4). Let w be 49/4 - 1/p. What is the highest common factor of 6 and w?
6
Let u be (-8)/16*(-2)/1. Calculate the highest common divisor of 19 and u.
1
Let q(m) = m**3 - 4*m**2 - 8*m. Let h be q(6). What is the greatest common divisor of 8 and h?
8
Suppose -6*j - 4 + 16 = 0. Suppose -30 = -j*t + 194. What is the highest common factor of 16 and t?
16
Let x = 12 - -48. Let a = 33 - x. Let d be (-32)/(-18) - 6/a. What is the greatest common factor of 2 and d?
2
Let f = -4 - -9. Suppose 0 = -2*l + 4*x - x + 1, 0 = x - f. Let t be 2346/42 + 1/7. Calculate the highest common factor of t and l.
8
Suppose 7*h - 151 = 129. Let q = 1 + -2. Let i be 10*(q + (-6)/(-4)). Calculate the greatest common factor of h and i.
5
Suppose 0*p + 15 = 5*p. Suppose 2*w = -p*w + 120. Let i be 2/6 + 72/27. Calculate the highest common divisor of i and w.
3
Suppose x + 0*x + 772 = 4*h, -5*x = -5*h + 965. Let y = h + -134. Suppose y + 17 = 4*j. What is the highest common factor of j and 19?
19
Suppose 63 = -j + 4*j. What is the greatest common factor of j and 42?
21
Let m(p) = p**3 - 2*p**2 + 2*p - 1. Let s be m(2). Let q be 630/s*18/5. Let t be (-1)/(-2) - q/(-8). Calculate the highest common divisor of 38 and t.
19
Let w be 42/5*30/12. What is the greatest common factor of 147 and w?
21
Let x be 2/(-4)*(-1 - -1). Suppose 2*a = -2, -3*g - a + 3*a + 398 = x. Let h be ((-12)/(-10))/((-5)/(-50)). What is the highest common divisor of g and h?
12
Suppose -6 + 16 = 2*u. Suppose -v - 203 = -u*m + 2*v, -5*m = 2*v - 198. Calculate the highest common divisor of m and 100.
20
Suppose -92 = -0*g - 4*g. Calculate the greatest common factor of g and 92.
23
Suppose 5*x - j - 213 = 0, -177 = -3*x - x + 3*j. Calculate the highest common divisor of x and 105.
21
Suppose -98*r - 91 = -105*r. Calculate the greatest common divisor of 52 and r.
13
Suppose -2 = 5*w - 52. Suppose -3*s + w = -0*s - 5*b, 12 = 2*s + 2*b. What is the highest common factor of s and 45?
5
Let o(t) = 132*t - 2. Let k be o(1). What is the highest common divisor of k and 13?
13
Suppose 0 = -3*s + 19 + 29. What is the highest common factor of s and 16?
16
Suppose a = 1 - 0, 3*p - 4*a - 38 = 0. Suppose -4*h = -7 - 5. Suppose -h*r = -94 - 32. What is the greatest common factor of r and p?
14
Let c(q) = -q**3 - 13*q**2 + 4*q - 21. Let l be c(-14). Let u(o) = 17*o**2. Let a be u(-1). What is the greatest common divisor of l and a?
17
Let a be -2*1 + (-30)/(-2). Suppose 2*q + 4*h = -q - 14, 3*h + a = -q. Suppose 3*n - n - q = 0. Calculate the highest common factor of n and 1.
1
Let i(r) = -r**2 + 8*r - 8. Let o be i(8). Let u = 17 + o. Calculate the greatest common factor of 63 and u.
9
Suppo